+ -138 + (2 + 0 - (-1 + 1))?
7
Evaluate -3 - (-8 + (-6 - -16)) - -11.
6
What is the value of -6 - ((-6 - (7 + -9)) + -3)?
1
Evaluate -5 - (115 + -110 + 0 + -23).
13
-32 - (12 + -30 + -15)
1
Calculate -46 + (4 - 10) + 14 - -7.
-31
Calculate -16 - ((2 - 2 - (-24 - -26)) + 3).
-17
What is -2 + 3 + -9 + (255 - 216) - 3?
28
-14 + 1 - (37 + -88 + 41)
-3
Evaluate (-1 - (-39 + 1)) + 21 + -28 + -4.
26
What is the value of 5 - 5 - (3 + -3 + -3 + -1)?
4
What is -20 + 2 + 20 + -11 + (-4 - -9)?
-4
Evaluate 5 + -2 + 0 + (13 - 27) + 7.
-4
Calculate -9 + (14 - 0) - (10 + -2).
-3
Evaluate 7 + ((0 - (1 - -3)) + 4 - -7).
14
What is the value of 0 + 6 + -20 - -25?
11
What is 29 + (34 + -107 - -10)?
-34
-7 + 13 - (190 - 178)
-6
What is the value of 1788 + -1798 - (13 - (1 + 1))?
-21
-15 + (3 - -3) + 1 + 1 + 0
-7
Calculate 49 + -38 - (9 - (2 - -1)) - 2.
3
What is (12 - (-1 + 7) - (-6 - -6)) + 20?
26
-16 - -16 - (-1 - (4 - 18) - -3)
-16
What is the value of -16 + ((10 - 8) + 13 - -20)?
19
What is the value of -29 - -36 - ((-1 - 6) + 18)?
-4
What is (24 - (-5 + 12)) + (-14 - -1)?
4
Evaluate (8 - (15 - (7 + -8))) + 3.
-5
Evaluate (3 - (2 - 4)) + (-4 + 19 - 23).
-3
-36 - (0 - (-19 + 34) - 4)
-17
6 + -3 + -5 + 1 + 14 + 9
22
4 - (24 + -15 + (-3 - (-1 + 2)))
-1
Evaluate -8 + -5 + 2 + 8 - -12 - 6.
3
What is -3 + (-11 - (4 + -13)) + 9 + 21?
25
Evaluate -4 + -1 + (6 - -1 - 7) + -2.
-7
15 + 3 + -17 - -10
11
-17 - -19 - ((5 + -21 - -8) + 36)
-26
-211 - -208 - (-1 - (1 + 15))
14
What is (-6 - 1) + -1203 + 1216?
6
What is the value of 6 + (5 - (7 - -3) - (-8 + -1))?
10
What is 0 + 4 + (-8 - ((-27 - -9) + 4))?
10
Calculate 2 - (-50 + 9 - -18).
25
23 - (3 - (-7 - (5 - 4)))
12
What is the value of 0 + (2 - 2) + -80 + 64?
-16
Calculate (0 - -3 - (-9 + -4 - -22)) + 3.
-3
What is 6 - (11 - -15) - -43?
23
(5 - (27 - (8 + -1))) + 7 + -13
-21
What is the value of 6 + -3 + 8 + 1 + (-7 - 2)?
3
20 + 5 + 2 + -13
14
Calculate -32 - 7 - (-25 + -1 - -17).
-30
Evaluate (-14 - -10) + -7 + 1 - (-17 + 25).
-18
Calculate (-13 - (-10 - (-7 + 7))) + (1 - 10).
-12
Evaluate -2 + 0 - (-700 - -698).
0
What is the value of -11 + -1 + -3 + -10 + 33?
8
Evaluate 5 - (-2 + (-5 - -14)).
-2
Calculate (-4 - ((0 - 2) + -5) - 6) + 6.
3
What is -5 + (1 - -1) + -4 + 4 + 2?
-1
What is 17 + (-10 - ((-7 - -1) + 4))?
9
What is the value of 0 - (9 - 10 - -3)?
-2
Evaluate 0 - 15 - (133 - 140).
-8
What is the value of 20 + (-1 - 12) - (-1 - -47)?
-39
Calculate (23 - 22) + 14 - (18 + -7).
4
Evaluate -14 + -3 + 15 + -1 - (2 - 36).
31
-124 + 118 + 1 + 22
17
What is (-4 + 10 - 2) + 5 + 3?
12
-30 - (-27 - -14) - (-13 + 4)
-8
Calculate 17 + -37 + 20 + -1 + -11.
-12
-13 + 17 + -16 - (-3 + 3 - 1)
-11
Calculate (-26 - (-35 - -17)) + -4.
-12
What is the value of -92 + 90 + (-2 + 2 + -1 - -5)?
2
Evaluate 4 - 3 - (2 + -6 + -5).
10
What is the value of (-82 - (29 + -62)) + 27?
-22
21 - (5 - (16 - (-1 - -7))) - 5
21
44 - (-51 + 22 - -80)
-7
Calculate (-30 - (12 - 18)) + 8.
-16
What is (-12 - (-25 + -2 - (46 - 53))) + 4?
12
What is the value of -69 - (54 + -112) - (-27 - 0)?
16
What is the value of 5 - (9 + 3) - -6?
-1
What is (2 - 17) + 19 + (-5 + -3 - 5)?
-9
What is -16 + (18 - 29) + 47?
20
Calculate 5 + 20 - ((-4 - -10) + (1 - 2)).
20
3 + -7 - (-10 + 21)
-15
Calculate -3 + (-4 - (0 + 8)) - (0 + -6).
-9
Evaluate -5 - (11 - (6 - 4)) - 5.
-19
Evaluate 106 - 105 - (-7 - (-2 + 3 - -1)).
10
What is 18 + (7 - 7) + 5 - 10?
13
What is the value of 31 + -23 - (-8 - -1)?
15
(10 - (26 - 13)) + 3 - 0
0
-14 - (-32 + 19) - -6
5
(18 - 6) + -3 + 3
12
What is (-48 - -22) + 10 + 34?
18
Evaluate -13 + (1 - -15) + 0.
3
(-6 - 2) + 17 + -6 - -8
11
What is -2 - -11 - ((-10 + 24 - 9) + 2)?
2
What is the value of 6 + 0 + 1 + (-16 - -3) + 4?
-2
What is the value of (1 - 2 - 22) + (-179 - -182)?
-20
-31 + 30 + (-7 - 0) + 17
9
What is the value of 1 - (3 - 2) - (28 - 22)?
-6
What is -25 + (1 - -5) - (-5 - 1)?
-13
What is -26 + 16 - 32 - -13?
-29
What is -3 + -2 + -3 + (4 - 5 - 3)?
-12
What is the value of -7 - -10 - ((-1 - -7) + 10)?
-13
Calculate 4 + (1 - (-9 - -7 - 5 - -4)).
8
Evaluate -55 + (223 - 159) - ((1 - 0) + -1).
9
Calculate (-11 - -27) + 2 + -32.
-14
Evaluate (2 - 40) + -24 + (47 - (9 - -15)).
-39
What is 4 + (-10 - 6) - (45 + -34)?
-23
-6 - (0 - -2 - (56 - 6) - -12)
30
Evaluate 6 + -3 + (-91 - -68).
-20
Calculate -9 - -2 - (464 - 471).
0
Evaluate -4 + -3 + 0 + 6 + -17.
-18
Calculate -2 + (9 - 1) - (-37 + (83 - 36)).
-4
What is the value of 0 + -3 + 12 + (-1 - -9) + 2?
19
What is -2 - -26 - (1 + 8 - (10 + 2))?
27
What is -8 - (-6 - -2 - (21 + -24))?
-7
What is the value of -12 + 0 - (-2 + (2 - (-19 + 12)))?
-19
Calculate -1 + (-6 - -5 - (-3 + 5)).
-4
What is the value of (0 - (0 - -1)) + -83 + 162 + -67?
11
15 - 0 - (-58 + 62) - 4
7
Evaluate 19 + -22 + 14 + -39.
-28
What is (3 - 3) + (-28 + 3 - -18)?
-7
Calculate 2 + (0 - 2) + (16 + -25 - -27).
18
What is the value of -2 - -5 - (169 + -161)?
-5
Evaluate (-9 - (-13 - -9)) + 2 - 7.
-10
What is the value of 32 + (14 - (0 - (-42 - -14)))?
18
Evaluate 0 - (17 - (29 + -16)).
-4
Evaluate -25 - (-25 + (-19 - -31) + -3).
-9
What is the value of (-16 - 1) + (88 - 67)?
4
-19 + -4 + 22 + 13
12
What is 76 + -78 - (0 - -10)?
-12
Calculate 3 + (-36 - 2) + 28.
-7
Calculate -7 - (21 + -1 + (1 - 3)).
-25
Calculate -7 + 22 - (79 + -83).
19
Evaluate 11 - ((-26 - -25) + 7) - (1 + 33).
-29
-17 + 17 + 1 + 19
20
What is (1 - 5 - -16) + 4 + -2 + -7?
7
What is (-1 + 49 - 49) + (26 - 1)?
24
-1 - -3 - (6 + (-4 - 6)) - 3
3
Calculate -1 + -1 - (-89 - -91) - -11.
7
What is -59 + 5 + (46 - 31)?
-39
Calculate -12 - (-29 - -11 - -37).
-31
Calculate 4 + (-4 - -4 - (13 + -8)).
-1
-11 + (-5 - -9) + -5 - (102 + -138)
24
(178 - 184) + 0 + 1 - 25
-30
Calculate (-8 - 17) + 24 + 7.
6
What is the value of -1 - (-80 + 69 - (2 - 9))?
3
Evaluate -5 - (-6 + 4 + 10 + -8) - 0.
-5
Calculate -26 - (-29 + 16) - 1.
-14
Calculate -29 - ((1 - -3) + -42 + 32).
-23
0 - -11 - (1 + 9 + (26 - 30))
5
What is 145 - 138 - (-5 + -6 + (2 - -1))?
15
Evaluate (-3 - (-5 + (-3 - 0)) - 8) + 15.
12
(-1361 - -1370) + (0 + -1 - (1 + -1))
8
Calculate (6 - 23 - -25) + (-1 + 1 - -5).
13
-5 + 1 + -4 + (-132 - -151)
11
Evaluate (-12 + 9 - -10) + -5.
2
What is the value of 23 + 6 + -17 - (-18 - -9)?
21
Calculate -20 - ((-22 - 33) + 20).
15
Evaluate 20 + -15 + -7 + 6 + 14.
18
Calculate -6 + -6 + (7 - 6).
-11
Calculate (-3 - 7) + -20 + 2 + 3 + -4.
-29
Evaluate -13 + 2 + 16 - 16.
-11
-14 + 4 + 9 - -23
22
(13 + -1 + 99 + -105 - 6) + 6
6
What is the value of (29 - 31) + -6 + 2 + 12?
6
What is the value of 168 + -179 + (2 - 1 - -2)?
-8
What is the value of 6 - 13 - (53 + -46)?
-14
What is the value of (-2 - -21) + 54 + -64?
9
Calculate 115 + -108 + (0 - 10) - 9.
-12
What is (2 - (-2 - -6)) + 3 + 2 + 1?
4
What is the value of -29 - (18 + -19 + (-7 - 2))?
-19
Evaluate -10 + (-4 - 15 - -17) + -3.
-15
6 - 6 - (-10 - -3 - -3)
4
What is 47 + -22 + 3 + -7?
21
-12 - ((0 - 0) + -111 + 126)
-27
Calculate -5 + (6 - -1) + (-72 + 31 - -33).
-6
Calculate 5 + -4 + -6 + 8.
3
What is the value of 23 + -4 + -13 + -18?
-12
-4 + 0 + 7 - (15 + (0 - 10))
-2
7 - (21 - 2 - 11)
-1
What is the value of -5 - -2 - -7 - ((-3 - 5) + 4)?
8
What is -8 - (-10 + 7 + (0 - 16))?
11
What is the value of 6 + 0 + 18 + -28 + 4?
0
Evaluate 39 + -35 + 14 - (-8 - 7).
33
What is the value of 2 - (-48 + 25 + 10)?
15
What is -1 + -20 + (-124 - -131) - 1?
-15
Calculate -1 - -8 - (-11 + 43 - 9).
-16
-10 - 17 - -10 - 10
-27
What is -3 + (-15 - -17) + 2 + 0 + 2?
3
3 + ((0 - 6) + 8 - 1)
4
What is -5 - ((1 - 11) + (8 - (-17 + 30)))?
10
What is -10 - (-12 - -10) - 4 - -4?
-8
What is (-7 - (-10 - 19)) + -9 + 0?
13
What is (4 - 14) + 3 + 1 + -5 + 9?
-2
Calculate 10 + 6 - 12 - -8.
12
(-1 + -3 - (-7 - -7)) + (4 - -2)
2
(-12 - -7) + (-3 - -1)
-7
Calculate (70 - 61) + 3 + (-19 - 3).
-10
(20 + -21 - -5) + -1
3
Evaluate -6 + -1 - (-6 + (-4 - -18)).
-15
What is the value of -7 - (-6 - -3 - ((-9 - -6) + 8))?
1
(-74 - -50) + 22 - (8 + -2 - -1)
-9
Evaluate -616 - -587 - (-22 + -1).
-6
Evaluate -296 - -313 - (-4 - 1).
22
Evaluate (6 - 0) + (-25 - -13 - -17).
11
Evaluate (-7 - -20) + -1 + -18.
-6
What is the value of -57 + 61 - (-11 - -1)?
14
What is the value of 5 - (2 - (-1 + 2)) - (665 - 671)?
10
What is (-13 + 6 + -4 - -26) + 4?
19
What is (19